2. What are the prime factors of z?
3, 13, 53
What are the prime factors of (-1)/(-9) - (-79900)/180?
2, 3, 37
Suppose -k - 4*o + 13 = 0, -10 = -4*k + 3*o + 2*o. Suppose -12 = 3*m, k*h - 17 = 3*m + 310. What are the prime factors of h?
3, 7
Let s be (0 - 8/(-20))/(1/(-45)). What are the prime factors of (-860)/s - 2/(-9)?
2, 3
Let y = -10 - -16. Let c = 34 + y. Suppose -4*p = -z + 21, -3*z + p + 23 + c = 0. List the prime factors of z.
3, 7
Suppose 2*c - 8 = -4*k, -3*k + 16 = -k - 5*c. List the prime factors of 135 + (k/(-3) - -2).
2, 17
Suppose -4*w = -w + 9. Let q be -4 + (0 + -58 - w). Let f = q - -94. List the prime factors of f.
5, 7
Suppose 0 = -4*r - 50 - 6. Let l be (r/(-35))/((-1)/(-50)). Suppose l = 2*z + 3*z. What are the prime factors of z?
2
Let v be ((-4)/10)/(4/(-180)). Suppose 3*y - 316 = z, -y + v + 91 = -4*z. Suppose -y = -2*h - h - 2*p, -5*p - 51 = -2*h. List the prime factors of h.
3, 11
Suppose 15*c - 3205 = 1685. List the prime factors of c.
2, 163
Suppose 1137 = 3*b - 0*b - 3*i, 2*i + 10 = 0. List the prime factors of b.
2, 11, 17
Let r(s) = s**3 + 13*s**2 + s + 15. Let j be r(-13). Suppose j*o + 2*o = 3*v - 313, -210 = -2*v + 4*o. List the prime factors of v.
103
Let q = -12 + 6. Let o(v) be the second derivative of v**4/12 + 5*v**3/6 + 2*v**2 + 10*v. List the prime factors of o(q).
2, 5
Let r = 1387 + -388. List the prime factors of r.
3, 37
Suppose 0 = 2*z - 2*m - 17 + 5, 0 = 3*z + 2*m - 23. Suppose 3*t + z = 13. Suppose 2*o - 60 = -t*o. List the prime factors of o.
3, 5
Let n(q) = 8*q**3 + 3*q**2 - 2*q - 5. What are the prime factors of n(4)?
547
Let p = 81 - 41. Let k(x) = 4*x + 72. Let s be k(-24). Let d = s + p. What are the prime factors of d?
2
Let s(x) = -3 + 0 + 0*x - 28 + 4*x. What are the prime factors of s(10)?
3
Let k = 2766 - 1237. What are the prime factors of k?
11, 139
Let m be (19/3)/((-17)/51). Let d = 21 + m. List the prime factors of d.
2
Let k(a) = a**3 - 7*a**2 + 4*a. Let i be k(4). Suppose 0 = -o - 2 - 1, -5*n = 3*o - 286. Let d = n + i. What are the prime factors of d?
3
Suppose 5*p + 4*p = 38475. List the prime factors of p.
3, 5, 19
Suppose -72 = 34*u - 30*u. What are the prime factors of (-1228)/u - 6/27?
2, 17
Let m be ((-2)/4)/1*-6. Suppose 100 = 2*q - m*n, q = -3*n - n + 50. Suppose -w = 4*s - 55, -125 = -3*w - 2*s + q. What are the prime factors of w?
59
Suppose -4*k = -5*y - 198, -4 = -y - y. Let o = 84 - k. What are the prime factors of o?
2
Let j(o) = o**3 + 10*o**2 - o - 5. Let m be 4/8 + (-3)/(-2). Suppose -12 = v - m*p, 4*p - 18 = 4*v + 26. What are the prime factors of j(v)?
5
Suppose 0*w = 5*w. Let j(r) = r + 4*r - 7*r**2 + 2*r**3 - 2 + w. List the prime factors of j(4).
2, 17
Let g = 53 - -221. What are the prime factors of g?
2, 137
Let t = 359 - 205. List the prime factors of t.
2, 7, 11
Let d = -180 - -500. List the prime factors of d.
2, 5
Let x(k) = -80*k + 121. What are the prime factors of x(-6)?
601
Let t be (0 - (-3 + 2))*-1. Let q be (t + -4 - 1) + -4. Let i = q + 30. What are the prime factors of i?
2, 5
Suppose 5*r - 3084 = -r. Suppose -3*b - 124 + r = 0. List the prime factors of b.
2, 5, 13
Suppose 4*i - 5 = -25. List the prime factors of 4/(-10)*(-752 + i + 2).
2, 151
Suppose -5225 = q - 12*q. What are the prime factors of q?
5, 19
Let o(q) = 2*q**2 - 38*q - 152. List the prime factors of o(42).
2, 5, 89
Let o = -21 - -38. Let z be o/((-4)/(-96)*4). Suppose -z = -12*b + 10*b. What are the prime factors of b?
3, 17
Suppose 152*j - 156*j - 16 = 0, -g - j + 2259 = 0. List the prime factors of g.
31, 73
Let f(h) be the first derivative of -7*h**2/2 - 3*h - 27. Let n(r) = -r**3 + 3*r**2 + 3*r. Let j be n(4). List the prime factors of f(j).
5
Let f be (3 - 12/2)*(-5)/5. Let h(o) = 2*o**2 + 3*o. Let n be h(8). Suppose f*y - n = -y. List the prime factors of y.
2, 19
Suppose 8*f = 15*f. Suppose -i + 10 = 2. Suppose i*u - 11*u + 93 = f. List the prime factors of u.
31
Let v(j) = 7 - 3*j + 2*j - 2. Let u be v(12). Let g(z) = z**2 + 3*z - 17. List the prime factors of g(u).
11
Let n(g) = -42*g**3 - 5*g - 2. List the prime factors of n(-2).
2, 43
Let o = -29 + 33. Suppose o*g = -g + 170. List the prime factors of g.
2, 17
Let f be (29/4)/((-16)/(-512)). Let c = 400 - f. Suppose 4*m + 4*x - c = 0, 3*x - 86 = -m - m. What are the prime factors of m?
2, 5
Let c = -18 - -29. Let x = 145 - c. What are the prime factors of x?
2, 67
Let m(s) = -s**3 - 14*s**2 - 13*s + 15. Let b = -124 - -72. Let h be (b/(-6))/(2/(-3)). What are the prime factors of m(h)?
3, 5
Let p(a) = -a**3 + 9*a**2 + 12*a - 14. Let x be 11 - (-2 + 4)/2. Let l be p(x). List the prime factors of 100/l + 6/(-9).
2
Let s = 19 - 13. Let j = -9 - s. Let v = 17 + j. List the prime factors of v.
2
Suppose 3*m + 1004 = -4*y + 7*m, -3*y - 763 = -m. Let p = y - -494. List the prime factors of p.
2, 7, 17
Let d = 607 - 460. List the prime factors of d.
3, 7
Let q be (-13)/(-2)*(7 - -3). List the prime factors of 13/(q/360) + 3.
3, 5
Let i = 38 + -39. What are the prime factors of -3 + (2 + i)*109?
2, 53
Let b = 7 + -2. Suppose -4*h - 5*q + 293 = -194, 3*h = b*q + 409. Let r = h - 86. What are the prime factors of r?
2, 3, 7
Suppose 0 = n + 6*n - 322. List the prime factors of n.
2, 23
Let y be (0 - 5)*(-4)/(8 + -4). Suppose 4*h - 2*c = 3*c + 494, -y*c + 262 = 2*h. What are the prime factors of h?
2, 3, 7
Let h(b) = -b**3 + b + 25. Suppose 0 = -5*q + 8*q. List the prime factors of h(q).
5
Let w(h) = h**3 - 8*h**2 + h - 5. Let i be w(8). Suppose p - i*o = -32, o = 3*p - 2*o + 120. Let r = p + 72. What are the prime factors of r?
2, 7
Suppose -h = -5*r + 126 + 50, 2*r + h - 69 = 0. Let n = 479 + r. List the prime factors of 16/56 + n/14.
37
Let v(f) = -936*f + 393. List the prime factors of v(-4).
3, 7, 197
Let x(z) = -2*z - 4. Let r be -2 + (3/(-1) - -2). Let d be x(r). Suppose s - d*t - 24 = t, 33 = 2*s - t. What are the prime factors of s?
3, 5
What are the prime factors of (2 + -10)/(-2) + (54 - -2914)?
2, 743
Let d = 345 - 149. Suppose 0 = -5*f + 3*f + d. Suppose i = -i + f. What are the prime factors of i?
7
Let r(s) = s**3 + 5*s**2 - 6*s + 3. Let m be r(-6). Let h(k) = k**2 + 2*k + 8. Let y be h(-6). Suppose m*n = -n + y. List the prime factors of n.
2
Suppose -3*u - 4*b + 3320 = -6*b, 4*u - 6*b - 4440 = 0. List the prime factors of u.
2, 3, 23
Let k = 3391 - 2749. What are the prime factors of k?
2, 3, 107
Let s(k) = 55*k**2 - 2*k + 5. Let x(b) = 54*b**2 - 2*b + 6. Let v(g) = 6*s(g) - 5*x(g). List the prime factors of v(-1).
2, 31
Let l(a) = a**2 - 9*a - 9. Let j be l(10). Let m be (-3 + -8)/(j - 0). Let g = m - -24. What are the prime factors of g?
13
Suppose -3*g + 1148 - 215 = 0. What are the prime factors of g?
311
Suppose 5*g + u - 36 + 2 = 0, -5*u - 4 = -4*g. Suppose 9*d - g*d = -3. What are the prime factors of (d + 2)/((-1)/(-33))?
3, 11
Let d(i) be the third derivative of i**5/60 + i**4/8 + 23*i**3/6 + 18*i**2 - 2*i. List the prime factors of d(12).
7, 29
Let z(y) = 4*y**3 - 5*y**2 + y - 5. Let f be 3/(-2) - 3/12*-18. List the prime factors of z(f).
61
Let z(c) = -c + 2. Let u(m) = -m + 11. Let h be u(11). Let g be z(h). Suppose g*n - 2*p = -0*p + 40, 3*p = -3*n + 60. What are the prime factors of n?
2, 5
Let n(x) = -84*x**3 + 5*x**2 + 11*x + 23. List the prime factors of n(-3).
7, 47
Let q(u) = -u**3 + 4*u**2 + 4*u + 9. Let d be q(5). Suppose 8 = d*v, -b + 5*v = -1 + 9. What are the prime factors of (0 - 1)/(b/(-36))?
2, 3
Suppose -4*f + f = -9, 5*i = 2*f + 54. Let p(c) be the first derivative of c**4/4 - 13*c**3/3 + 8*c**2 + c + 14. What are the prime factors of p(i)?
7
Let m(w) be the second derivative of w**3 + 8*w**2 + 4*w + 1. Let b be (-1)/(-1)*(-2 - -10). What are the prime factors of m(b)?
2
Suppose 2*q = q + 3, 3*q + 11 = 5*g. Suppose 220 = g*d - 72. List the prime factors of d.
73
What are the prime factors of 1/((2/4)/(545/10))?
109
Let d(i) be the third derivative of -i**4/8 + i**3 + 7*i**2. Let g be d(8). Let u = g + 29. What are the prime factors of u?
11
Let o = -10 + 11. Suppose -o = -2*r - 17. List the prime factors of (-4 - -16)*(-2)/r.
3
Let o(k) = 19*k + 7. Suppose -2*a = 2*a - 12. Let q be o(a). Suppose -4*c + 99 = -5*g - 29, -2*c - g + q = 0. List the prime factors of c.
2
Suppose -4